(-4)/(d/15))/(-1). Calculate the highest common divisor of j and 45.
5
Let u(g) be the second derivative of g**5/10 - g**4/4 - 5*g**3/6 + 7*g**2/2 + 9*g. Let w be u(3). Calculate the greatest common factor of 171 and w.
19
Suppose 9*c = 4*c + 65. Let t(b) = -b**2 + 9*b - 1. Let q be t(7). Calculate the highest common divisor of q and c.
13
Suppose 7*w - 6*w = 98. What is the highest common factor of 14 and w?
14
Suppose -3*j + 64 = j. What is the greatest common factor of j and 16?
16
Let f = -2 - -7. Suppose -u = -f - 1. Suppose -u*a + a = -55. What is the highest common factor of 11 and a?
11
Suppose 0 = 2*n - 134 + 8. What is the highest common divisor of 7 and n?
7
Let b be -10*(-4)/4 + -2. Suppose -16*f + 15*f = -b. What is the greatest common factor of 20 and f?
4
Suppose y + 3 - 7 = 0. Suppose -3*b + 3*p = -68 - 7, y*b = p + 106. What is the greatest common divisor of 9 and b?
9
Suppose -2*i - 3*i = 5*c - 30, -i + 2*c = 9. Let t be i*5/((-15)/(-9)). Let m be (-3 + t)/2 - -28. What is the greatest common factor of m and 42?
14
Let g be -1*2/4*12. Let w(j) = -16*j - 6. Let d be w(g). Let p(t) = -t**3 - 3*t**2 + t - 2. Let a be p(-4). What is the greatest common divisor of a and d?
10
Let q = -37 - -68. What is the highest common factor of q and 62?
31
Let h be (-2)/(-8) - 2/8. Suppose -3*u - 513 = 3*r - 8*r, h = 4*r - 4*u - 404. Calculate the greatest common divisor of 21 and r.
21
Let v be 431/4 + 5/20. Suppose -5*r = 2*a + a - 116, -3*a - 3*r + v = 0. Suppose -3*n = a - 248. Calculate the greatest common factor of 9 and n.
9
Suppose 5 = -g + 3. Let z be g/9 - (-584)/36. Calculate the greatest common factor of z and 80.
16
Suppose -6*z + z = -300. Calculate the greatest common factor of z and 12.
12
Let j be ((-4)/(-3))/(4/18). Suppose 2*r - 4 = -0*r. Let t be r/5 - (-208)/5. Calculate the highest common factor of j and t.
6
Let o be (27/(-12))/(6/(-32)). Calculate the highest common factor of 60 and o.
12
Let v(g) = g**2 + 5*g + 1. Let f be v(-5). Let k(r) = 2*r - 9. Let w be k(-7). Let l = -12 - w. What is the greatest common factor of l and f?
1
Suppose -4*k = -4*f - 7 - 37, -4*k + 26 = 5*f. Calculate the highest common factor of 18 and k.
9
Let p be 8/12*114/4. Suppose 3 + p = 2*x. What is the highest common factor of x and 11?
11
Suppose -3*o + 12 = -5*o. Let n be (o/9)/((-2)/27). Calculate the greatest common divisor of 36 and n.
9
Suppose 2*f - 18 = -4*n + 4*f, f = 3. Let q be (n/(-10))/((-2)/50). Let l = q + -2. What is the highest common factor of l and 26?
13
Suppose 25 = 4*o + 3*f, -2*f = -3*o + 24 + 16. Let u be 4/(-10) + 144/o. Suppose -3 + 157 = v. What is the greatest common factor of u and v?
14
Let r = -4 - -9. Let y(m) be the second derivative of 14*m**3/3 - m**2/2 + m. Let x be y(2). Calculate the highest common factor of r and x.
5
Suppose 2*n - 2*i + 1068 = 0, 0*n + 2*i - 2670 = 5*n. Let p = -281 - n. Calculate the greatest common divisor of 23 and p.
23
Let u be (-34)/(-2) + (-6)/(-2). What is the greatest common factor of 220 and u?
20
Let c(r) = -r**3 + 3*r**2 + 5*r + 1. Let n(a) = a**2 + a - 2. Let x be n(-3). Let t be c(x). Calculate the greatest common factor of t and 10.
5
Suppose -b + 11 = -3. Let p = -88 + 130. Calculate the greatest common factor of p and b.
14
Let o = 38 - 25. Let x be (-54 + -2 - -4)/(-2). What is the greatest common factor of o and x?
13
Suppose 2*g + 5*k = 19, 3*g + k - 21 = -4*k. Let t = g - -8. Suppose t*i - 105 = 5*i. Calculate the highest common divisor of 231 and i.
21
Let y = 2 - -13. Let h be y - (-1 + 3 + -2). What is the highest common divisor of 120 and h?
15
Let j be (1 + -1)*2/(-4). Let y = j - 0. Suppose -5*h + 2 + 3 = y. Calculate the greatest common factor of 5 and h.
1
Let z(g) = 3*g**2 - 18*g + 2. Let v be z(8). What is the greatest common factor of 20 and v?
10
Let c be ((-9)/6)/((-2)/12). Calculate the greatest common factor of 63 and c.
9
Suppose -2*v = -0*c - c + 158, 0 = -4*c - 4*v + 620. Calculate the highest common factor of 24 and c.
12
Let u(s) = -7*s + 30. Let x be u(-10). What is the greatest common divisor of x and 20?
20
Let q = 2 - 0. Suppose 26 = -2*g - 0*g + q*v, -4*g - 56 = -5*v. Let h(t) = t**2 + 6*t - 6. Let f be h(g). What is the highest common divisor of f and 14?
7
Let x(y) = -y. Let f(u) = u**3 + 2*u**2 + 8. Let n(z) = -f(z) + 3*x(z). Let b be n(-6). What is the highest common factor of 14 and b?
14
Let q(d) = -d**3 + 11*d**2 + 5*d - 12. Let y be q(9). Calculate the highest common factor of y and 78.
39
Let d be (-2)/(-2) - (-5 - 0). Let y(v) = 2*v**2 - 8*v - 6. Let n be y(d). Let p = 66 - 21. What is the greatest common factor of n and p?
9
Let u(l) = l**3 - 4*l**2 + l. Let t be u(3). Let k = 16 + t. Calculate the highest common divisor of 50 and k.
10
Suppose 2 + 7 = 3*l. Suppose 4*t + 3*b + 2*b = 535, -4*t + l*b + 575 = 0. What is the highest common divisor of 20 and t?
20
Suppose 3*f - 12*f + 54 = 0. Suppose -s + 4*y + 36 = y, 0 = 3*s - 2*y - 80. Calculate the greatest common divisor of s and f.
6
Let w(l) = l**2 + 3*l + 4. Let k be w(-6). Let i = 104 - 71. What is the greatest common factor of i and k?
11
Suppose -3*w - 2*l = -57, -l - 13 - 11 = -w. What is the greatest common factor of 6 and w?
3
Let d = 20 + -32. Let k be (-6)/(2*(-9)/d). Let s(p) = p**2 + 3*p - 1. Let f be s(k). Calculate the greatest common factor of f and 33.
3
Let v = -3 + 5. Let z(y) = 27*y - 5. Let f be z(-7). Let h be v/9 + f/(-18). Calculate the highest common factor of h and 33.
11
Let h(b) = -64*b. Let a be h(-2). Suppose -2*g + g = -2. Let d be (-3)/(g/32*-3). What is the highest common factor of a and d?
16
Let b(r) = 3*r**2 - 5*r - 6. Let g(w) = -5*w**2 + 9*w + 12. Let s(t) = 7*b(t) + 4*g(t). Let l be s(-4). What is the greatest common factor of l and 9?
9
Let i = -65 - -68. What is the highest common factor of 33 and i?
3
Let f = 4 + -4. Suppose -7*m + 2*m + 15 = f. Suppose -5*x = -m*x - 352. What is the highest common factor of x and 16?
16
Let p = 45 + -21. Calculate the highest common factor of p and 36.
12
Suppose 20 = -0*v + v. What is the greatest common divisor of v and 30?
10
Let w = -7 - -27. Suppose -2*n - 5*p + 370 = 0, -3*p - 712 = -4*n + p. What is the highest common factor of n and w?
20
Let i(r) = r**2 + r. Let o be i(1). Suppose 0 = -3*m - o*m + 350. What is the greatest common factor of m and 14?
14
Suppose -w = -4*o + 154 + 216, 5*o - 473 = -4*w. What is the greatest common divisor of 62 and o?
31
Let y be (608/12)/4*(-3)/(-2). Suppose -5*b + 187 = -j, -5*j - 99 = -7*b + 4*b. Calculate the highest common divisor of b and y.
19
Suppose -5*c - 4*a + 83 = 0, 62 = 5*c + 2*a - 17. Calculate the greatest common divisor of 120 and c.
15
Let w be (1 - 9/6)*-6. Let y be w/6*-6 - -108. Calculate the greatest common divisor of 15 and y.
15
Suppose -2*n + 26 = -22. Calculate the highest common factor of n and 36.
12
Suppose 4*s - 14 = c, -c + 17 = c + s. What is the greatest common divisor of c and 114?
6
Suppose 4*z + 55 = 5*d - z, d = 4*z + 26. Calculate the highest common divisor of d and 18.
6
Let j = 1 + 9. Let l = -7 + j. Suppose -4*p = -l*p - 18. What is the greatest common divisor of p and 27?
9
Let c = -30 + 43. Let i = 1 + 7. Let z = 57 + i. What is the highest common factor of c and z?
13
Let m be 80/24*24/5. Calculate the highest common divisor of m and 4.
4
Let u(w) = 17*w - 5. Let v be u(4). Suppose 3*s = v - 3. What is the highest common divisor of s and 4?
4
Suppose -5*n = -7*n + 40. What is the greatest common divisor of n and 50?
10
Suppose -8 = -4*f + 2*f. Suppose 5 = f*m + m. Calculate the greatest common divisor of 8 and m.
1
Let w(q) = q**3 + 4*q**2 - q - 2. Let m be w(-4). Suppose 0 = -4*j - j + 200. Suppose -5*p = -0*p - j. Calculate the greatest common factor of p and m.
2
Let m(f) = -f**3 + 3*f**2 + 2*f - 3. Let i be m(3). Suppose 0 = -0*a - i*a. Suppose -5*x + x + 36 = a. What is the highest common divisor of 36 and x?
9
Let x(t) = -t**3 + 12*t**2 + 14*t - 8. Let f be x(13). Let l(v) = -v**2 - 4*v + 7. Let z be l(-5). Calculate the greatest common factor of z and f.
1
Let i be (-2)/4*0 - -2. Suppose -8 = -i*x - 2*x. Calculate the highest common divisor of 8 and x.
2
Suppose -5*r + 14 + 181 = 0. Suppose -m + r = -9. What is